 + -312d9?
-31377
In base 8, what is -142743000 + -12?
-142743012
In base 2, what is -11 + -1001110000010011111010000010?
-1001110000010011111010000101
In base 13, what is 843 - -42c27?
4376a
In base 12, what is -83a7 + 22118?
15931
In base 6, what is 23252 - 2054?
21154
In base 15, what is -6 - -23a3b4?
23a3ad
In base 2, what is 0 + 1100111100100100111000011000?
1100111100100100111000011000
In base 3, what is 22222201102 - 0?
22222201102
In base 6, what is 1431 + -140214?
-134343
In base 8, what is -26370173 + -6?
-26370201
In base 11, what is 4 + 510324?
510328
In base 10, what is 32183327 + -5?
32183322
In base 8, what is 15545 - 1016?
14527
In base 7, what is -40 + -222135625?
-222135665
In base 6, what is 421250543 - 5?
421250534
In base 16, what is -876 + 8e3?
6d
In base 4, what is -23232020 - -110302?
-23121112
In base 4, what is -20001001021 - -11?
-20001001010
In base 13, what is 4a - 7b4713?
-7b4696
In base 15, what is -4db7b + -1?
-4db7c
In base 10, what is 3 - -145149478?
145149481
In base 5, what is -2440112 - 110?
-2440222
In base 3, what is -10 - 1212100022121?
-1212100022201
In base 8, what is -52 - -1322715?
1322643
In base 9, what is -328537270 + -2?
-328537272
In base 9, what is 28274 + -1163?
27111
In base 14, what is -159 + -a239?
-a394
In base 3, what is 1100211122012 + -112022?
1100211002220
In base 9, what is -1158 - -124371?
123212
In base 12, what is 2 + 9a8479?
9a847b
In base 15, what is -59c0 - -473?
-554c
In base 9, what is 2450825 + 4?
2450830
In base 10, what is 63187037 - -5?
63187042
In base 14, what is -2 + -735b69?
-735b6b
In base 12, what is -189a47 + -41?
-189a88
In base 5, what is -41344412 - 102?
-41400014
In base 12, what is -1721bb1 - 13?
-1722004
In base 5, what is -2114301132 - 3?
-2114301140
In base 4, what is 3313010012 - 12?
3313010000
In base 16, what is -8 + c8050?
c8048
In base 14, what is -1 - 12a1731d?
-12a17320
In base 8, what is 46373 - -3001?
51374
In base 6, what is -1450253413 - 0?
-1450253413
In base 8, what is -244645 + -4600?
-251445
In base 3, what is -112012022102202 + -11?
-112012022102220
In base 3, what is 1212101100 - -1102122?
1220210222
In base 14, what is -ad79 + 29?
-ad50
In base 16, what is 265537 - 9?
26552e
In base 6, what is 3 - -112201133422?
112201133425
In base 6, what is -242510 - -350?
-242120
In base 9, what is 211874 + -875?
210888
In base 8, what is -42 - -5314321?
5314257
In base 3, what is -200020 - -111201000?
111000210
In base 6, what is 255053 + -14355?
240254
In base 7, what is 4 + 333042?
333046
In base 6, what is -50143252 + -2?
-50143254
In base 2, what is -1 - -10001101101100000010000101?
10001101101100000010000100
In base 7, what is 22345611 + 11?
22345622
In base 7, what is -112213 - 152?
-112365
In base 16, what is 2f642c + -3f?
2f63ed
In base 4, what is -1132312221010 + 1?
-1132312221003
In base 2, what is -1000111110 + -101011010100001011110?
-101011010101010011100
In base 13, what is -24b9978 - 5?
-24b9980
In base 10, what is -8029 + -726?
-8755
In base 14, what is 10625 - -14?
10639
In base 9, what is -1171014 - 622?
-1171636
In base 8, what is -134046773 - -6?
-134046765
In base 13, what is -8094a - 3109?
-83a56
In base 2, what is -101100001000111100100 + 1101?
-101100001000111010111
In base 13, what is 2bcaa + 20?
2bcca
In base 12, what is -3006835 + -b?
-3006844
In base 7, what is -51 + 302615?
302534
In base 4, what is -23322131 - 1323201?
-31311332
In base 16, what is afe0f04 - 2?
afe0f02
In base 11, what is 5367 + -392?
4a85
In base 6, what is 5 - -5251514550?
5251514555
In base 3, what is 220202200111210222 + -12?
220202200111210210
In base 16, what is 4cf - -dbf?
128e
In base 16, what is 3993 - -271?
3c04
In base 10, what is -64 - 1957158?
-1957222
In base 8, what is 145 - -27114?
27261
In base 7, what is 2643241453 + 3?
2643241456
In base 14, what is -a - 52dcdd?
-52dd09
In base 9, what is -3 + 3462350?
3462346
In base 16, what is 35d2 + 56?
3628
In base 13, what is 3 - -7b6c86?
7b6c89
In base 16, what is -742d + 99f?
-6a8e
In base 4, what is -22111001312023 - -10?
-22111001312013
In base 3, what is -10 - -11222121020222?
11222121020212
In base 10, what is -9501963 + -3?
-9501966
In base 13, what is -1563b76 - 12?
-1563b88
In base 10, what is -38 + 284753?
284715
In base 10, what is 3671489 - -6?
3671495
In base 3, what is 1 - 20211222120020?
-20211222120012
In base 15, what is -1963 + -420a?
-5b6d
In base 11, what is 9444570 - 1a?
9444551
In base 14, what is -57ac - -2867?
-2d45
In base 15, what is -1b - 553be3?
-553c0e
In base 5, what is 3323 - 4121323?
-4113000
In base 11, what is -277 - -12275?
11aa9
In base 14, what is -2 - 95323?
-95325
In base 2, what is -101 + 1001001011100001100111000?
1001001011100001100110011
In base 15, what is 2b5 - -2526?
27db
In base 4, what is 1 + 1011123311220?
1011123311221
In base 16, what is -1b988 + -d?
-1b995
In base 9, what is -3338 - -777?
-2451
In base 11, what is -14890 - 74?
-14954
In base 5, what is -430444220 - 134?
-430444404
In base 14, what is 53 + 202721?
202774
In base 2, what is -101110111110 + -1000000100111011?
-1000110011111001
In base 14, what is -3 + 64496a2?
644969d
In base 12, what is -517 + -149?
-664
In base 6, what is -55552551 - -31?
-55552520
In base 14, what is 1 - -2b96650?
2b96651
In base 10, what is -187 - 1963799?
-1963986
In base 4, what is -10 - -11001132113?
11001132103
In base 12, what is 4658231b + -3?
46582318
In base 11, what is 6210 + -885?
5436
In base 4, what is 2303 + -1201330?
-1133021
In base 8, what is 511314 - 741?
510353
In base 12, what is -1676 + 1b?
-1657
In base 3, what is -11200012121220 - -10010?
-11200012111210
In base 12, what is 29077b - -3ab?
290b6a
In base 13, what is 0 - 131ba80?
-131ba80
In base 7, what is -44444 - -23200?
-21244
In base 10, what is -68 - -2052715?
2052647
In base 10, what is -13 + 2755409?
2755396
In base 14, what is -184b883 + -1?
-184b884
In base 15, what is -13355b9 - 3?
-13355bc
In base 4, what is -1 - -32203111111213?
32203111111212
In base 4, what is 3 - 110201321211?
-110201321202
In base 3, what is -1220012220201121 + -121?
-1220012220202012
In base 10, what is -562 - 18534?
-19096
In base 12, what is -115 + 8b190?
8b077
In base 7, what is -42026212 - 12?
-42026224
In base 6, what is 1 - 11021345542?
-11021345541
In base 13, what is 196 + 9788?
9951
In base 9, what is 34 - -335335?
335370
In base 2, what is 1010101 + 1001110000111011110111?
1001110000111101001100
In base 6, what is 13521432 + 43?
13521515
In base 5, what is 4322031 + -1033?
4320443
In base 9, what is -5 + -57455?
-57461
In base 10, what is -11814 - -195669?
183855
In base 8, what is -2 - 24562141?
-24562143
In base 3, what is 20 + -20011222212000?
-20011222211210
In base 13, what is 155 + 5b924?
5ba79
In base 2, what is 1001 - -1100000000111000110110000?
1100000000111000110111001
In base 9, what is 0 - -150531115?
150531115
In base 9, what is 1 - -1372827?
1372828
In base 9, what is 61 + 788812?
788873
In base 8, what is -1001 + 3533114?
3532113
In base 4, what is 1202020 - 1212331?
-10311
In base 4, what is -2011012 + 233313?
-1111033
In base 14, what is -70967 - -70?
-708d7
In base 8, what is 2213577360 + -6?
2213577352
In base 3, what is -21 - 1002200210112121?
-1002200210112212
In base 2, what is 10000100110011110101 + -1010010?
10000100110010100011
In base 6, what is 1410 - -331035?
332445
In base 13, what is -937a0 - 1?
-937a1
In base 16, what is -166d5 + 10?
-166c5
In base 8, what is 11 - -20122745?
20122756
In base 10, what is 214069 - 56?
214013
In base 8, what is 3 + -173060643?
-173060640
In base 16, what is c94 - -3a5?
1039
In base 16, what is -480c6 - 25?
-480eb
In base 15, what is 1336a + 19b5?
14d30
In base 10, what is 2276 - 1225?
1051
In base 3, what is -1002222221 - 10?
-1010000001
In base 13, what is -8c6 + 12100a?
120414
In base 2, what is 1100001011 - -10011000101?
11111010000
In base 5, what is 3302 - 334022324?
-334014022
In base 15, what is d3d2 - 340?
d092
In base 14, what is 329 + -1b585?
-1b25a
In base 5, what is 141324130112 + 4?
141324130121
In base 16, what is -1 + 1b8cd8a?
1b8cd89
In base 6, what is 5 - -1321323503?
1321323512
In base 11, what is 64034 - 289?
63856
In base 12, what is -4b + 1636?
15a7
In base 11, w